te the highest common factor of i and s.
8
Let n(h) = 55*h**2 + 4*h + 10. Let m be n(3). What is the highest common factor of m and 11?
11
Suppose 0 = -2*v - 5*j + 190, 3*v - 8*j - 272 = -9*j. What is the greatest common divisor of 50 and v?
10
Suppose -85 = -d + 167. What is the highest common factor of d and 108?
36
Let t be 26/(-12) - -2 - (-718)/(-12). Let k = -55 - t. Suppose -4*m = -5*j + 263, -27 = -j + m + 25. Calculate the greatest common factor of k and j.
5
Let l(g) = -6*g**3 - 9*g**2 - 9*g - 6. Let t = 56 + -59. Let j be l(t). Calculate the greatest common factor of j and 6.
6
Suppose -9 = 3*x, 2*x = -2*q + 4*x + 270. Let v = q - -99. Calculate the highest common factor of v and 21.
21
Let i be (-1)/(-1) - (10 + 4). Let a = 3 + i. Let x be (-10)/(-25) + (-76)/a. What is the greatest common divisor of 56 and x?
8
Suppose -5*j + 0*j + 4*t = 751, -750 = 5*j - 5*t. Let d = -34 - j. Let g be 4/8*(-48 + 74). What is the highest common factor of g and d?
13
Let t(i) = 11*i**2 - 33*i - 62. Let u(q) = -4*q**2 + 11*q + 21. Let a(v) = -6*t(v) - 17*u(v). Let c be a(-6). Calculate the highest common divisor of c and 3.
3
Let z = -439 + 447. What is the highest common factor of z and 308?
4
Let g = -221 - -308. What is the greatest common factor of g and 145?
29
Let q be (2 + (-4)/3)/((-7)/(-630)). Let n be -1 + (-2)/(6/(-39)). Calculate the highest common divisor of n and q.
12
Let p(c) = c**3 - c**2 + 3*c + 3. Let k be p(3). Let q(a) = -2*a**3 + 14*a + 18. Let v be q(-4). Calculate the highest common divisor of k and v.
30
Let q = 197 + -90. Let v = 197 - q. Calculate the highest common factor of v and 18.
18
Let k(b) = 2*b**2 + 32*b + 10. Suppose -2*t - 52 = -0*t - 4*r, 2*t = r - 37. Let o be k(t). What is the greatest common factor of o and 30?
10
Let b be 86/4 - (7/(-2) + 4). What is the greatest common factor of b and 63?
21
Let u = -536 + 657. Suppose 0*x + 3*q + 95 = 5*x, -4*q + 108 = 4*x. What is the greatest common divisor of u and x?
11
Let h(s) = -18*s + 40. Suppose -126 = t - 105. Let j be h(t). What is the highest common divisor of j and 38?
38
Let b = 10 + 9. Let i(k) = k**3 + 4*k**2 - 6*k - 2. Let p be i(-5). Suppose 4*h - 8 = 0, v = -p*h + 66 + 16. What is the highest common factor of b and v?
19
Let k(j) = j**2 + 3. Let h(o) = -o + 2. Let r be h(-1). Let u be k(r). Calculate the highest common factor of u and 84.
12
Suppose -4*i + 6*i = -64. Let b = -25 - i. What is the highest common factor of b and 28?
7
Let t = -113 + 160. What is the greatest common factor of t and 1?
1
Let l = 247 + -239. Calculate the greatest common divisor of l and 176.
8
Let t = 114 - 93. Let c be (-3)/6 + (-86)/(-4). What is the greatest common factor of t and c?
21
Let m be 10/(-4)*4/(-5). Let l = 10 + -13. Let y be 0 + (-1 - 0) - l. What is the highest common divisor of y and m?
2
Suppose 4*z + 48 = -104. Let v = z - -51. Suppose -d = 2*r - 239, 3*r - d = 23 + 323. What is the greatest common divisor of v and r?
13
Let k(c) be the first derivative of 2*c**3/3 + 5*c**2 - 34*c + 9. Let l be k(-10). Calculate the greatest common factor of 6 and l.
6
Let w(c) = c**3 - 2*c**2 - 4*c - 7. Let t be w(4). Let n be t + 1*(1 - 4). Calculate the highest common divisor of n and 6.
6
Suppose 695 = 5*x + 4*t - 3219, 0 = -t + 1. Calculate the highest common divisor of 69 and x.
23
Let p be 124 - (-4 + 0/5). Suppose 4*u + 0*u = p. Calculate the highest common factor of 8 and u.
8
Suppose 28595 = -213*o + 248*o. What is the greatest common divisor of o and 86?
43
Suppose -2*g + 10 + 118 = 0. Let r be (-72)/(-42) + (-2)/(-7). Suppose -5*f + 7 = -u - r, 0 = 3*u - f - 43. Calculate the highest common divisor of u and g.
16
Let p = 23 + -16. Let g = 20 + p. Let b be 4851/45 - (-14)/70. Calculate the greatest common factor of b and g.
27
Let y be ((-30)/25)/(3/(-10)). Suppose -y*c + 262 = -5*h, c + 2*c - 196 = 4*h. Suppose -2*s + s = -c. Calculate the greatest common divisor of s and 17.
17
Let x be (-4082)/(-65) + (-2)/(-10). What is the greatest common divisor of 210 and x?
21
Suppose 0 = -29*o + 99 + 336. What is the greatest common divisor of 735 and o?
15
Let w(m) = -m**2 - 16*m + 10. Let s be w(-12). Suppose 5*l + s = 4*l. Let u be 0/3 + l/(-2). What is the greatest common divisor of u and 58?
29
Suppose 0 = 5*s - 7 + 2. Let x be (12 - (-4)/(-4)) + s. What is the highest common factor of 24 and x?
12
Let m(r) = -10*r**2 - 91*r - 8. Let k be m(-8). What is the highest common factor of k and 64?
16
Suppose -3*g + 4*k + 17 = 0, 5*k + 4 = -4*g + 37. Suppose 2*c - 28 = -2*c. Calculate the highest common factor of g and c.
7
Let q(y) = y**2 + 11*y - 45. Let a be q(4). Let m = 24 + 36. Calculate the highest common factor of a and m.
15
Let q be -32*(1 + 74/(-8)). Suppose 3*t = q + 60. Suppose -3*f = -12, -3*y + 23 = -5*f + 7. What is the highest common divisor of y and t?
12
Let u(f) = 13*f - 2. Let a be u(2). Let s be (-5 + (-161)/(-21))*(-81)/(-2). What is the greatest common factor of a and s?
12
Let q(p) = -26*p + 190. Let o be q(7). What is the highest common divisor of 104 and o?
8
Let a = 57 + -55. Suppose 84 = -a*q + 88. Let f be 2/5*(-2 + 47). Calculate the highest common factor of f and q.
2
Suppose -3 = c - 3*s + 2*s, 2*c - 4*s + 16 = 0. Let z = -96 + 65. Let h = z + 53. Calculate the greatest common factor of c and h.
2
Let p = 973 - 868. What is the greatest common divisor of 120 and p?
15
Let g = -7 + 8. Let t be g/(-7) + 7/((-294)/(-8070)). What is the greatest common divisor of 12 and t?
12
Suppose -758*t + 755*t + 441 = 0. Calculate the highest common divisor of t and 105.
21
Let v be -2 + 2*6 + 2. Suppose -y = v - 33. Let d(l) = 10*l + 184. Let c be d(-17). Calculate the highest common factor of y and c.
7
Suppose -4*q = -2*z - 15 - 1, 5*z = 2*q. Suppose z*s = s + 16. Calculate the highest common factor of s and 80.
16
Let m(k) = -k**3 + 17*k**2 - 37*k + 179. Let y be m(13). Calculate the highest common divisor of 136 and y.
34
Let q(f) = f**2 + 31*f + 171. Let o be q(-7). What is the highest common divisor of o and 14?
1
Let s(h) = -8*h**2 - 7*h - 4. Let b(r) = 7*r**2 + 7*r + 3. Let v(k) = 6*b(k) + 5*s(k). Let z be v(-5). What is the greatest common divisor of 26 and z?
13
Suppose -4*w = 747 - 1643. Calculate the highest common divisor of w and 32.
32
Suppose 78*i + 3069 = 87*i. What is the greatest common factor of i and 93?
31
Suppose -7*l + 480 = l. Let n(q) be the second derivative of -q**3/2 - 3*q**2 + 3*q. Let s be n(-6). Calculate the highest common factor of s and l.
12
Suppose -5*y = -y + 2*d - 28, y - 7 = -2*d. Suppose -x + 110 = 5*u, 4*u + 5*x = u + 88. Calculate the greatest common factor of y and u.
7
Let c(x) = x**3 - 2*x**2 + 2*x + 420. Let j be c(0). Calculate the greatest common divisor of j and 15.
15
Let t = 205 + 156. Calculate the highest common factor of t and 38.
19
Let q = -28 - -35. Let t = 29 - q. Calculate the greatest common divisor of t and 2.
2
Let n(h) = -h**2 + 73*h - 870. Let m be n(22). Calculate the highest common divisor of m and 90.
18
Let l(u) = -6*u - 7. Let d be l(-2). What is the highest common divisor of 5 and d?
5
Suppose c = 2, -5*j + 2*c = -50 + 9. What is the greatest common divisor of j and 225?
9
Suppose -5*r - 225 = -5*a, 5*a + 4*r - 215 = -r. Suppose -2*v - 2*v = -3*t - 25, 0 = v - t - 7. What is the greatest common factor of v and a?
4
Let g(s) = s**3 - 18*s**2 - 10*s + 9. Let c be g(19). Calculate the highest common factor of 18 and c.
18
Let v(h) = 45*h**2 - 24*h + 96. Let q be v(4). Calculate the greatest common divisor of q and 45.
45
Let s(v) = v**3 + 2*v**2 - v - 2. Let a be s(3). Let i be (15 + -16)*((-27)/5 - 18/(-45)). What is the greatest common factor of a and i?
5
Suppose 4*o - 10*o = -630. What is the greatest common divisor of o and 42?
21
Let f be 0/((16/(-4 + 0))/(-2)). Suppose -2*i - 3*k - 6 = f, 15 = 5*i - 4*k - 16. Calculate the greatest common factor of 1 and i.
1
Let b be 3 + -3 + 0 + 0. Suppose -6*w + 75 + 159 = b. Let y = w - 35. What is the highest common divisor of 4 and y?
4
Let v = 11 + -7. Let w be (50/150)/((-2)/(-192)). What is the greatest common divisor of w and v?
4
Let b = -74 - -74. Let k(t) = t**3 - t + 2. Let c be k(b). Let r be (18 - (-2)/(-2)) + 1. Calculate th